{"id":2,"date":"2025-03-05T22:34:11","date_gmt":"2025-03-05T21:34:11","guid":{"rendered":"https:\/\/lamachinerie.fr\/site\/?page_id=2"},"modified":"2025-04-04T19:20:26","modified_gmt":"2025-04-04T17:20:26","slug":"page-d-exemple","status":"publish","type":"page","link":"https:\/\/lamachinerie.fr\/site\/?page_id=2","title":{"rendered":"le collectif"},"content":{"rendered":"\n<p class=\"has-body-font-family\" style=\"font-size:clamp(14px, 0.875rem + ((1vw - 3.2px) * 0.208), 16px);font-style:normal;font-weight:100\">Le COLLECTIF <strong>la<\/strong>machinerie, initi\u00e9 par Franca Cuomo et Bruno Edmond, est un collectif d&rsquo;artistes (musiciens, compositeurs, chanteurs, acteurs, auteur, plasticiens, photographe, vid\u00e9astes) qui se passionne pour le rapport po\u00e9tique entre musique(s) et litt\u00e9rature(s), pour les espaces sonores, les espaces physiques et leur plasticit\u00e9. Les esth\u00e9tiques se croisent et se questionnent en toute libert\u00e9 selon la n\u00e9cessit\u00e9 du propos.<\/p>\n\n\n\n<p class=\"has-body-font-family\" style=\"font-size:clamp(14px, 0.875rem + ((1vw - 3.2px) * 0.208), 16px);font-style:normal;font-weight:100\">Le Collectif \u00abfabrique\u00bb des spectacles musicaux (Cabaret Alice, les Kabarets Kass\u00e9s), des lectures-concerts (Autour de Mahu, Chasser&nbsp;! l&rsquo;impossible Snark), des cabarets contemporains (Bestiaires, Paradis et Enfers, Kabarets Kass\u00e9s), des concerts de jazz de cr\u00e9ation (le Franzktrio, American Dream), ou l&rsquo;univers d&rsquo;un auteur-compositeur revisit\u00e9 dans un format \u00e9pur\u00e9 (M\u00e9lodies Gainsbourg).<\/p>\n\n\n\n<p class=\"has-body-font-family\" style=\"font-size:clamp(14px, 0.875rem + ((1vw - 3.2px) * 0.208), 16px);font-style:normal;font-weight:100\">L&rsquo;alchimie des textes, de la musique, de l&rsquo;espace, des corps et de la voix est la marque identitaire du Collectif. La voix, s&rsquo;inscrit dans la dramaturgie musicale et sc\u00e9nique sous de multiples formes.<\/p>\n\n\n\n<p class=\"has-body-font-family\" style=\"font-size:clamp(14px, 0.875rem + ((1vw - 3.2px) * 0.208), 16px);font-style:normal;font-weight:100\">Enfin le Collectif souhaite garder un \u00ab\u0153il ouvert\u00bb sur le monde et se nourrir d&rsquo;autres processus de r\u00e9flexion.<\/p>\n\n\n\n<figure class=\"wp-block-image size-large is-resized\"><img loading=\"lazy\" decoding=\"async\" width=\"1024\" height=\"474\" src=\"https:\/\/lamachinerie.fr\/site\/wp-content\/uploads\/2025\/03\/Vintage-Wolf-Image-GraphicsFairy2-1024x474.png\" alt=\"\" class=\"wp-image-7\" style=\"width:418px;height:auto\" srcset=\"https:\/\/lamachinerie.fr\/site\/wp-content\/uploads\/2025\/03\/Vintage-Wolf-Image-GraphicsFairy2-1024x474.png 1024w, https:\/\/lamachinerie.fr\/site\/wp-content\/uploads\/2025\/03\/Vintage-Wolf-Image-GraphicsFairy2-300x139.png 300w, https:\/\/lamachinerie.fr\/site\/wp-content\/uploads\/2025\/03\/Vintage-Wolf-Image-GraphicsFairy2-768x356.png 768w, https:\/\/lamachinerie.fr\/site\/wp-content\/uploads\/2025\/03\/Vintage-Wolf-Image-GraphicsFairy2.png 1500w\" sizes=\"(max-width: 1024px) 100vw, 1024px\" \/><\/figure>\n\n\n\n<p class=\"has-body-font-family\" style=\"font-size:clamp(14px, 0.875rem + ((1vw - 3.2px) * 0.208), 16px);font-style:normal;font-weight:100\"><\/p>\n","protected":false},"excerpt":{"rendered":"<p>Le COLLECTIF lamachinerie, initi\u00e9 par Franca Cuomo et Bruno Edmond, est un collectif d&rsquo;artistes (musiciens, compositeurs, chanteurs, acteurs, auteur, plasticiens, photographe, vid\u00e9astes) qui se passionne pour le rapport po\u00e9tique entre musique(s) et litt\u00e9rature(s), pour les espaces sonores, les espaces physiques et leur plasticit\u00e9. Les esth\u00e9tiques se croisent et se questionnent en toute libert\u00e9 selon la [&hellip;]<\/p>\n","protected":false},"author":1,"featured_media":0,"parent":0,"menu_order":0,"comment_status":"closed","ping_status":"open","template":"","meta":{"footnotes":""},"yoast_head":"<!-- This site is optimized with the Yoast SEO plugin v18.0 - https:\/\/yoast.com\/wordpress\/plugins\/seo\/ -->\n<meta name=\"robots\" content=\"index, follow, max-snippet:-1, max-image-preview:large, max-video-preview:-1\" \/>\n<link rel=\"canonical\" href=\"https:\/\/lamachinerie.fr\/site\/?page_id=2\" \/>\n<meta property=\"og:locale\" content=\"fr_FR\" \/>\n<meta property=\"og:type\" content=\"article\" \/>\n<meta property=\"og:title\" content=\"le collectif - collectif la machinerie - fabrications sc\u00e9niques et musicales\" \/>\n<meta property=\"og:description\" content=\"Le COLLECTIF lamachinerie, initi\u00e9 par Franca Cuomo et Bruno Edmond, est un collectif d&rsquo;artistes (musiciens, compositeurs, chanteurs, acteurs, auteur, plasticiens, photographe, vid\u00e9astes) qui se passionne pour le rapport po\u00e9tique entre musique(s) et litt\u00e9rature(s), pour les espaces sonores, les espaces physiques et leur plasticit\u00e9. Les esth\u00e9tiques se croisent et se questionnent en toute libert\u00e9 selon la [&hellip;]\" \/>\n<meta property=\"og:url\" content=\"https:\/\/lamachinerie.fr\/site\/?page_id=2\" \/>\n<meta property=\"og:site_name\" content=\"collectif la machinerie - fabrications sc\u00e9niques et musicales\" \/>\n<meta property=\"article:modified_time\" content=\"2025-04-04T17:20:26+00:00\" \/>\n<meta property=\"og:image\" content=\"https:\/\/lamachinerie.fr\/site\/wp-content\/uploads\/2025\/03\/Vintage-Wolf-Image-GraphicsFairy2-1024x474.png\" \/>\n<meta name=\"twitter:card\" content=\"summary_large_image\" \/>\n<meta name=\"twitter:label1\" content=\"Dur\u00e9e de lecture estim\u00e9e\" \/>\n\t<meta name=\"twitter:data1\" content=\"1 minute\" \/>\n<script type=\"application\/ld+json\" class=\"yoast-schema-graph\">{\"@context\":\"https:\/\/schema.org\",\"@graph\":[{\"@type\":\"Organization\",\"@id\":\"https:\/\/lamachinerie.fr\/site\/#organization\",\"name\":\"COLLECTIF LA MACHINERIE\",\"url\":\"https:\/\/lamachinerie.fr\/site\/\",\"sameAs\":[],\"logo\":{\"@type\":\"ImageObject\",\"@id\":\"https:\/\/lamachinerie.fr\/site\/#logo\",\"inLanguage\":\"fr-FR\",\"url\":\"https:\/\/lamachinerie.fr\/site\/wp-content\/uploads\/2026\/02\/logo_72.jpg\",\"contentUrl\":\"https:\/\/lamachinerie.fr\/site\/wp-content\/uploads\/2026\/02\/logo_72.jpg\",\"width\":800,\"height\":474,\"caption\":\"COLLECTIF LA MACHINERIE\"},\"image\":{\"@id\":\"https:\/\/lamachinerie.fr\/site\/#logo\"}},{\"@type\":\"WebSite\",\"@id\":\"https:\/\/lamachinerie.fr\/site\/#website\",\"url\":\"https:\/\/lamachinerie.fr\/site\/\",\"name\":\"collectif la machinerie - fabrications sc\u00e9niques et musicales\",\"description\":\"fabrications sc\u00e9niques et musicales\",\"publisher\":{\"@id\":\"https:\/\/lamachinerie.fr\/site\/#organization\"},\"potentialAction\":[{\"@type\":\"SearchAction\",\"target\":{\"@type\":\"EntryPoint\",\"urlTemplate\":\"https:\/\/lamachinerie.fr\/site\/?s={search_term_string}\"},\"query-input\":\"required name=search_term_string\"}],\"inLanguage\":\"fr-FR\"},{\"@type\":\"ImageObject\",\"@id\":\"https:\/\/lamachinerie.fr\/site\/?page_id=2#primaryimage\",\"inLanguage\":\"fr-FR\",\"url\":\"https:\/\/lamachinerie.fr\/site\/wp-content\/uploads\/2025\/03\/Vintage-Wolf-Image-GraphicsFairy2.png\",\"contentUrl\":\"https:\/\/lamachinerie.fr\/site\/wp-content\/uploads\/2025\/03\/Vintage-Wolf-Image-GraphicsFairy2.png\",\"width\":1500,\"height\":695},{\"@type\":\"WebPage\",\"@id\":\"https:\/\/lamachinerie.fr\/site\/?page_id=2#webpage\",\"url\":\"https:\/\/lamachinerie.fr\/site\/?page_id=2\",\"name\":\"le collectif - collectif la machinerie - fabrications sc\u00e9niques et musicales\",\"isPartOf\":{\"@id\":\"https:\/\/lamachinerie.fr\/site\/#website\"},\"primaryImageOfPage\":{\"@id\":\"https:\/\/lamachinerie.fr\/site\/?page_id=2#primaryimage\"},\"datePublished\":\"2025-03-05T21:34:11+00:00\",\"dateModified\":\"2025-04-04T17:20:26+00:00\",\"breadcrumb\":{\"@id\":\"https:\/\/lamachinerie.fr\/site\/?page_id=2#breadcrumb\"},\"inLanguage\":\"fr-FR\",\"potentialAction\":[{\"@type\":\"ReadAction\",\"target\":[\"https:\/\/lamachinerie.fr\/site\/?page_id=2\"]}]},{\"@type\":\"BreadcrumbList\",\"@id\":\"https:\/\/lamachinerie.fr\/site\/?page_id=2#breadcrumb\",\"itemListElement\":[{\"@type\":\"ListItem\",\"position\":1,\"name\":\"Accueil\",\"item\":\"https:\/\/lamachinerie.fr\/site\"},{\"@type\":\"ListItem\",\"position\":2,\"name\":\"le collectif\"}]}]}<\/script>\n<!-- \/ Yoast SEO plugin. -->","yoast_head_json":{"robots":{"index":"index","follow":"follow","max-snippet":"max-snippet:-1","max-image-preview":"max-image-preview:large","max-video-preview":"max-video-preview:-1"},"canonical":"https:\/\/lamachinerie.fr\/site\/?page_id=2","og_locale":"fr_FR","og_type":"article","og_title":"le collectif - collectif la machinerie - fabrications sc\u00e9niques et musicales","og_description":"Le COLLECTIF lamachinerie, initi\u00e9 par Franca Cuomo et Bruno Edmond, est un collectif d&rsquo;artistes (musiciens, compositeurs, chanteurs, acteurs, auteur, plasticiens, photographe, vid\u00e9astes) qui se passionne pour le rapport po\u00e9tique entre musique(s) et litt\u00e9rature(s), pour les espaces sonores, les espaces physiques et leur plasticit\u00e9. Les esth\u00e9tiques se croisent et se questionnent en toute libert\u00e9 selon la [&hellip;]","og_url":"https:\/\/lamachinerie.fr\/site\/?page_id=2","og_site_name":"collectif la machinerie - fabrications sc\u00e9niques et musicales","article_modified_time":"2025-04-04T17:20:26+00:00","og_image":[{"url":"https:\/\/lamachinerie.fr\/site\/wp-content\/uploads\/2025\/03\/Vintage-Wolf-Image-GraphicsFairy2-1024x474.png"}],"twitter_card":"summary_large_image","twitter_misc":{"Dur\u00e9e de lecture estim\u00e9e":"1 minute"},"schema":{"@context":"https:\/\/schema.org","@graph":[{"@type":"Organization","@id":"https:\/\/lamachinerie.fr\/site\/#organization","name":"COLLECTIF LA MACHINERIE","url":"https:\/\/lamachinerie.fr\/site\/","sameAs":[],"logo":{"@type":"ImageObject","@id":"https:\/\/lamachinerie.fr\/site\/#logo","inLanguage":"fr-FR","url":"https:\/\/lamachinerie.fr\/site\/wp-content\/uploads\/2026\/02\/logo_72.jpg","contentUrl":"https:\/\/lamachinerie.fr\/site\/wp-content\/uploads\/2026\/02\/logo_72.jpg","width":800,"height":474,"caption":"COLLECTIF LA MACHINERIE"},"image":{"@id":"https:\/\/lamachinerie.fr\/site\/#logo"}},{"@type":"WebSite","@id":"https:\/\/lamachinerie.fr\/site\/#website","url":"https:\/\/lamachinerie.fr\/site\/","name":"collectif la machinerie - fabrications sc\u00e9niques et musicales","description":"fabrications sc\u00e9niques et musicales","publisher":{"@id":"https:\/\/lamachinerie.fr\/site\/#organization"},"potentialAction":[{"@type":"SearchAction","target":{"@type":"EntryPoint","urlTemplate":"https:\/\/lamachinerie.fr\/site\/?s={search_term_string}"},"query-input":"required name=search_term_string"}],"inLanguage":"fr-FR"},{"@type":"ImageObject","@id":"https:\/\/lamachinerie.fr\/site\/?page_id=2#primaryimage","inLanguage":"fr-FR","url":"https:\/\/lamachinerie.fr\/site\/wp-content\/uploads\/2025\/03\/Vintage-Wolf-Image-GraphicsFairy2.png","contentUrl":"https:\/\/lamachinerie.fr\/site\/wp-content\/uploads\/2025\/03\/Vintage-Wolf-Image-GraphicsFairy2.png","width":1500,"height":695},{"@type":"WebPage","@id":"https:\/\/lamachinerie.fr\/site\/?page_id=2#webpage","url":"https:\/\/lamachinerie.fr\/site\/?page_id=2","name":"le collectif - collectif la machinerie - fabrications sc\u00e9niques et musicales","isPartOf":{"@id":"https:\/\/lamachinerie.fr\/site\/#website"},"primaryImageOfPage":{"@id":"https:\/\/lamachinerie.fr\/site\/?page_id=2#primaryimage"},"datePublished":"2025-03-05T21:34:11+00:00","dateModified":"2025-04-04T17:20:26+00:00","breadcrumb":{"@id":"https:\/\/lamachinerie.fr\/site\/?page_id=2#breadcrumb"},"inLanguage":"fr-FR","potentialAction":[{"@type":"ReadAction","target":["https:\/\/lamachinerie.fr\/site\/?page_id=2"]}]},{"@type":"BreadcrumbList","@id":"https:\/\/lamachinerie.fr\/site\/?page_id=2#breadcrumb","itemListElement":[{"@type":"ListItem","position":1,"name":"Accueil","item":"https:\/\/lamachinerie.fr\/site"},{"@type":"ListItem","position":2,"name":"le collectif"}]}]}},"_links":{"self":[{"href":"https:\/\/lamachinerie.fr\/site\/index.php?rest_route=\/wp\/v2\/pages\/2"}],"collection":[{"href":"https:\/\/lamachinerie.fr\/site\/index.php?rest_route=\/wp\/v2\/pages"}],"about":[{"href":"https:\/\/lamachinerie.fr\/site\/index.php?rest_route=\/wp\/v2\/types\/page"}],"author":[{"embeddable":true,"href":"https:\/\/lamachinerie.fr\/site\/index.php?rest_route=\/wp\/v2\/users\/1"}],"replies":[{"embeddable":true,"href":"https:\/\/lamachinerie.fr\/site\/index.php?rest_route=%2Fwp%2Fv2%2Fcomments&post=2"}],"version-history":[{"count":4,"href":"https:\/\/lamachinerie.fr\/site\/index.php?rest_route=\/wp\/v2\/pages\/2\/revisions"}],"predecessor-version":[{"id":102,"href":"https:\/\/lamachinerie.fr\/site\/index.php?rest_route=\/wp\/v2\/pages\/2\/revisions\/102"}],"wp:attachment":[{"href":"https:\/\/lamachinerie.fr\/site\/index.php?rest_route=%2Fwp%2Fv2%2Fmedia&parent=2"}],"curies":[{"name":"wp","href":"https:\/\/api.w.org\/{rel}","templated":true}]}}

<p class="has-body-font-family" style="font-size:clamp(14px, 0.875rem + ((1vw - 3.2px) * 0.208), 16px);font-style:normal;font-weight:100">Le COLLECTIF <strong>la</strong>machinerie, initié par Franca Cuomo et Bruno Edmond, est un collectif d&rsquo;artistes (musiciens, compositeurs, chanteurs, acteurs, auteur, plasticiens, photographe, vidéastes) qui se passionne pour le rapport poétique entre musique(s) et littérature(s), pour les espaces sonores, les espaces physiques et leur plasticité. Les esthétiques se croisent et se questionnent en toute liberté selon la nécessité du propos.</p>



<p class="has-body-font-family" style="font-size:clamp(14px, 0.875rem + ((1vw - 3.2px) * 0.208), 16px);font-style:normal;font-weight:100">Le Collectif «fabrique» des spectacles musicaux (Cabaret Alice, les Kabarets Kassés), des lectures-concerts (Autour de Mahu, Chasser&nbsp;! l&rsquo;impossible Snark), des cabarets contemporains (Bestiaires, Paradis et Enfers, Kabarets Kassés), des concerts de jazz de création (le Franzktrio, American Dream), ou l&rsquo;univers d&rsquo;un auteur-compositeur revisité dans un format épuré (Mélodies Gainsbourg).</p>



<p class="has-body-font-family" style="font-size:clamp(14px, 0.875rem + ((1vw - 3.2px) * 0.208), 16px);font-style:normal;font-weight:100">L&rsquo;alchimie des textes, de la musique, de l&rsquo;espace, des corps et de la voix est la marque identitaire du Collectif. La voix, s&rsquo;inscrit dans la dramaturgie musicale et scénique sous de multiples formes.</p>



<p class="has-body-font-family" style="font-size:clamp(14px, 0.875rem + ((1vw - 3.2px) * 0.208), 16px);font-style:normal;font-weight:100">Enfin le Collectif souhaite garder un «œil ouvert» sur le monde et se nourrir d&rsquo;autres processus de réflexion.</p>



<figure class="wp-block-image size-large is-resized"><img loading="lazy" decoding="async" width="1024" height="474" src="https://lamachinerie.fr/site/wp-content/uploads/2025/03/Vintage-Wolf-Image-GraphicsFairy2-1024x474.png" alt="" class="wp-image-7" style="width:418px;height:auto" srcset="https://lamachinerie.fr/site/wp-content/uploads/2025/03/Vintage-Wolf-Image-GraphicsFairy2-1024x474.png 1024w, https://lamachinerie.fr/site/wp-content/uploads/2025/03/Vintage-Wolf-Image-GraphicsFairy2-300x139.png 300w, https://lamachinerie.fr/site/wp-content/uploads/2025/03/Vintage-Wolf-Image-GraphicsFairy2-768x356.png 768w, https://lamachinerie.fr/site/wp-content/uploads/2025/03/Vintage-Wolf-Image-GraphicsFairy2.png 1500w" sizes="(max-width: 1024px) 100vw, 1024px" /></figure>



<p class="has-body-font-family" style="font-size:clamp(14px, 0.875rem + ((1vw - 3.2px) * 0.208), 16px);font-style:normal;font-weight:100"></p>

<p>Le COLLECTIF lamachinerie, initié par Franca Cuomo et Bruno Edmond, est un collectif d&rsquo;artistes (musiciens, compositeurs, chanteurs, acteurs, auteur, plasticiens, photographe, vidéastes) qui se passionne pour le rapport poétique entre musique(s) et littérature(s), pour les espaces sonores, les espaces physiques et leur plasticité. Les esthétiques se croisent et se questionnent en toute liberté selon la [&hellip;]</p>

<!-- This site is optimized with the Yoast SEO plugin v18.0 - https://yoast.com/wordpress/plugins/seo/ -->
<meta name="robots" content="index, follow, max-snippet:-1, max-image-preview:large, max-video-preview:-1" />
<link rel="canonical" href="https://lamachinerie.fr/site/?page_id=2" />
<meta property="og:locale" content="fr_FR" />
<meta property="og:type" content="article" />
<meta property="og:title" content="le collectif - collectif la machinerie - fabrications scéniques et musicales" />
<meta property="og:description" content="Le COLLECTIF lamachinerie, initié par Franca Cuomo et Bruno Edmond, est un collectif d&rsquo;artistes (musiciens, compositeurs, chanteurs, acteurs, auteur, plasticiens, photographe, vidéastes) qui se passionne pour le rapport poétique entre musique(s) et littérature(s), pour les espaces sonores, les espaces physiques et leur plasticité. Les esthétiques se croisent et se questionnent en toute liberté selon la [&hellip;]" />
<meta property="og:url" content="https://lamachinerie.fr/site/?page_id=2" />
<meta property="og:site_name" content="collectif la machinerie - fabrications scéniques et musicales" />
<meta property="article:modified_time" content="2025-04-04T17:20:26+00:00" />
<meta property="og:image" content="https://lamachinerie.fr/site/wp-content/uploads/2025/03/Vintage-Wolf-Image-GraphicsFairy2-1024x474.png" />
<meta name="twitter:card" content="summary_large_image" />
<meta name="twitter:label1" content="Durée de lecture estimée" />
	<meta name="twitter:data1" content="1 minute" />
<script type="application/ld+json" class="yoast-schema-graph">{"@context":"https://schema.org","@graph":[{"@type":"Organization","@id":"https://lamachinerie.fr/site/#organization","name":"COLLECTIF LA MACHINERIE","url":"https://lamachinerie.fr/site/","sameAs":[],"logo":{"@type":"ImageObject","@id":"https://lamachinerie.fr/site/#logo","inLanguage":"fr-FR","url":"https://lamachinerie.fr/site/wp-content/uploads/2026/02/logo_72.jpg","contentUrl":"https://lamachinerie.fr/site/wp-content/uploads/2026/02/logo_72.jpg","width":800,"height":474,"caption":"COLLECTIF LA MACHINERIE"},"image":{"@id":"https://lamachinerie.fr/site/#logo"}},{"@type":"WebSite","@id":"https://lamachinerie.fr/site/#website","url":"https://lamachinerie.fr/site/","name":"collectif la machinerie - fabrications scéniques et musicales","description":"fabrications scéniques et musicales","publisher":{"@id":"https://lamachinerie.fr/site/#organization"},"potentialAction":[{"@type":"SearchAction","target":{"@type":"EntryPoint","urlTemplate":"https://lamachinerie.fr/site/?s={search_term_string}"},"query-input":"required name=search_term_string"}],"inLanguage":"fr-FR"},{"@type":"ImageObject","@id":"https://lamachinerie.fr/site/?page_id=2#primaryimage","inLanguage":"fr-FR","url":"https://lamachinerie.fr/site/wp-content/uploads/2025/03/Vintage-Wolf-Image-GraphicsFairy2.png","contentUrl":"https://lamachinerie.fr/site/wp-content/uploads/2025/03/Vintage-Wolf-Image-GraphicsFairy2.png","width":1500,"height":695},{"@type":"WebPage","@id":"https://lamachinerie.fr/site/?page_id=2#webpage","url":"https://lamachinerie.fr/site/?page_id=2","name":"le collectif - collectif la machinerie - fabrications scéniques et musicales","isPartOf":{"@id":"https://lamachinerie.fr/site/#website"},"primaryImageOfPage":{"@id":"https://lamachinerie.fr/site/?page_id=2#primaryimage"},"datePublished":"2025-03-05T21:34:11+00:00","dateModified":"2025-04-04T17:20:26+00:00","breadcrumb":{"@id":"https://lamachinerie.fr/site/?page_id=2#breadcrumb"},"inLanguage":"fr-FR","potentialAction":[{"@type":"ReadAction","target":["https://lamachinerie.fr/site/?page_id=2"]}]},{"@type":"BreadcrumbList","@id":"https://lamachinerie.fr/site/?page_id=2#breadcrumb","itemListElement":[{"@type":"ListItem","position":1,"name":"Accueil","item":"https://lamachinerie.fr/site"},{"@type":"ListItem","position":2,"name":"le collectif"}]}]}</script>
<!-- / Yoast SEO plugin. -->

le collectif - collectif la machinerie - fabrications scéniques et musicales

Le COLLECTIF lamachinerie, initié par Franca Cuomo et Bruno Edmond, est un collectif d&rsquo;artistes (musiciens, compositeurs, chanteurs, acteurs, auteur, plasticiens, photographe, vidéastes) qui se passionne pour le rapport poétique entre musique(s) et littérature(s), pour les espaces sonores, les espaces physiques et leur plasticité. Les esthétiques se croisent et se questionnent en toute liberté selon la [&hellip;]

collectif la machinerie - fabrications scéniques et musicales

fabrications scéniques et musicales
