{"id":206,"date":"2025-04-10T19:55:13","date_gmt":"2025-04-10T17:55:13","guid":{"rendered":"https:\/\/lamachinerie.fr\/site\/?page_id=206"},"modified":"2025-04-10T19:56:44","modified_gmt":"2025-04-10T17:56:44","slug":"snark-presse","status":"publish","type":"page","link":"https:\/\/lamachinerie.fr\/site\/?page_id=206","title":{"rendered":"Snark\/presse"},"content":{"rendered":"\n<figure class=\"wp-block-image size-large is-resized\"><img loading=\"lazy\" decoding=\"async\" width=\"1024\" height=\"683\" src=\"https:\/\/lamachinerie.fr\/site\/wp-content\/uploads\/2025\/04\/MG_8960-copie-4-1024x683.jpg\" alt=\"\" class=\"wp-image-156\" style=\"width:349px;height:auto\" srcset=\"https:\/\/lamachinerie.fr\/site\/wp-content\/uploads\/2025\/04\/MG_8960-copie-4-1024x683.jpg 1024w, https:\/\/lamachinerie.fr\/site\/wp-content\/uploads\/2025\/04\/MG_8960-copie-4-300x200.jpg 300w, https:\/\/lamachinerie.fr\/site\/wp-content\/uploads\/2025\/04\/MG_8960-copie-4-768x512.jpg 768w, https:\/\/lamachinerie.fr\/site\/wp-content\/uploads\/2025\/04\/MG_8960-copie-4.jpg 1123w\" sizes=\"(max-width: 1024px) 100vw, 1024px\" \/><\/figure>\n\n\n\n<p class=\"has-body-font-family\" style=\"font-size:14px;font-style:normal;font-weight:100\">Ces deux artistes mondialement connus aiment explorer leurs obsessions communes\u2009: le rythme, la voix, l\u2019espace, le corps. Au terme de plusieurs projets ensemble, ils s\u2019invitent sur la sc\u00e8ne Jazz\u2019Hum\u2019Ah\u2009! Le soliste Michel Edelin, laur\u00e9at du prestigieux prix de la d\u00e9fense, r\u00e9invente le jazz en d\u00e9clinant la fl\u00fbte sous toutes ses formes. Fran\u00e7oise-Franca Cuomo est une chanteuse aux pouvoirs magiques qui r\u00e9concilie des univers que l\u2019on croyait ennemis en m\u00ealant jazz, lyrique, cabaret, musique contemporaine et populaire au sein de son collectif la\u00a0Machinerie. Riche de ses collaborations avec plusieurs metteurs en sc\u00e8ne, plasticiens et \u00e9crivains, le duo allie musique et dramaturgie avec une po\u00e9sie qui emprunte \u00e0 tous les registres. Leur cr\u00e9ation promet d\u2019\u00eatre surprenante et touchante, exp\u00e9rimentale, sans oublier d\u2019avoir \u00ab un regard sur le monde \u00bb. <a href=\"http:\/\/www.humanite.fr\/michel-edelin-invite-francoise-franca-cuomo-612288\u00a0\">http:\/\/www.humanite.fr\/michel-edelin-invite-francoise-franca-cuomo-612288\u00a0<\/a>\u00a0 Jeudi, 21 Juillet, 2016 \u2013 L\u2019Humanit\u00e9<\/p>\n\n\n\n<p class=\"has-body-font-family\" style=\"font-size:14px;font-style:normal;font-weight:100\">Duo Le Snark\/\u2028\u00c9poustouflante voltigeuse des cordes vocales, Franca Cuomo se produira au sein du duo Snark, qu\u2019elle constitue avec Michel Edelin (le\u00a011).\u00c0 travers ces deux duos, Edelin, Cuomo, Domancich et Goubert rendront une sorte d\u2019hommage en miroir \u00e0 Jimi Hendrix et \u00e0 la Beat g\u00e9n\u00e9ration, \u00e0 travers leur cr\u00e9ation American Dream ou vivre libre\u2009! Ils s\u2019approprieront des textes d\u2019Allen Ginsberg, de Hendrix, etc.<br><a href=\"http:\/\/www.humanite.fr\/quand-le-jazz-embrasse-la-poesie-615070\">http:\/\/www.humanite.fr\/quand-le-jazz-embrasse-la-poesie-615070<\/a> F\u00eate de l\u2019Humanit\u00e9 2016<\/p>\n","protected":false},"excerpt":{"rendered":"<p>Ces deux artistes mondialement connus aiment explorer leurs obsessions communes\u2009: le rythme, la voix, l\u2019espace, le corps. Au terme de plusieurs projets ensemble, ils s\u2019invitent sur la sc\u00e8ne Jazz\u2019Hum\u2019Ah\u2009! Le soliste Michel Edelin, laur\u00e9at du prestigieux prix de la d\u00e9fense, r\u00e9invente le jazz en d\u00e9clinant la fl\u00fbte sous toutes ses formes. Fran\u00e7oise-Franca Cuomo est une [&hellip;]<\/p>\n","protected":false},"author":1,"featured_media":0,"parent":0,"menu_order":0,"comment_status":"closed","ping_status":"closed","template":"","meta":{"footnotes":""},"yoast_head":"<!-- This site is optimized with the Yoast SEO plugin v18.0 - https:\/\/yoast.com\/wordpress\/plugins\/seo\/ -->\n<meta name=\"robots\" content=\"index, follow, max-snippet:-1, max-image-preview:large, max-video-preview:-1\" \/>\n<link rel=\"canonical\" href=\"https:\/\/lamachinerie.fr\/site\/?page_id=206\" \/>\n<meta property=\"og:locale\" content=\"fr_FR\" \/>\n<meta property=\"og:type\" content=\"article\" \/>\n<meta property=\"og:title\" content=\"Snark\/presse - collectif la machinerie - fabrications sc\u00e9niques et musicales\" \/>\n<meta property=\"og:description\" content=\"Ces deux artistes mondialement connus aiment explorer leurs obsessions communes\u2009: le rythme, la voix, l\u2019espace, le corps. Au terme de plusieurs projets ensemble, ils s\u2019invitent sur la sc\u00e8ne Jazz\u2019Hum\u2019Ah\u2009! Le soliste Michel Edelin, laur\u00e9at du prestigieux prix de la d\u00e9fense, r\u00e9invente le jazz en d\u00e9clinant la fl\u00fbte sous toutes ses formes. Fran\u00e7oise-Franca Cuomo est une [&hellip;]\" \/>\n<meta property=\"og:url\" content=\"https:\/\/lamachinerie.fr\/site\/?page_id=206\" \/>\n<meta property=\"og:site_name\" content=\"collectif la machinerie - fabrications sc\u00e9niques et musicales\" \/>\n<meta property=\"article:modified_time\" content=\"2025-04-10T17:56:44+00:00\" \/>\n<meta property=\"og:image\" content=\"https:\/\/lamachinerie.fr\/site\/wp-content\/uploads\/2025\/04\/MG_8960-copie-4-1024x683.jpg\" \/>\n<meta name=\"twitter:card\" content=\"summary_large_image\" \/>\n<meta name=\"twitter:label1\" content=\"Dur\u00e9e de lecture estim\u00e9e\" \/>\n\t<meta name=\"twitter:data1\" content=\"1 minute\" \/>\n<script type=\"application\/ld+json\" class=\"yoast-schema-graph\">{\"@context\":\"https:\/\/schema.org\",\"@graph\":[{\"@type\":\"Organization\",\"@id\":\"https:\/\/lamachinerie.fr\/site\/#organization\",\"name\":\"COLLECTIF LA MACHINERIE\",\"url\":\"https:\/\/lamachinerie.fr\/site\/\",\"sameAs\":[],\"logo\":{\"@type\":\"ImageObject\",\"@id\":\"https:\/\/lamachinerie.fr\/site\/#logo\",\"inLanguage\":\"fr-FR\",\"url\":\"https:\/\/lamachinerie.fr\/site\/wp-content\/uploads\/2026\/02\/logo_72.jpg\",\"contentUrl\":\"https:\/\/lamachinerie.fr\/site\/wp-content\/uploads\/2026\/02\/logo_72.jpg\",\"width\":800,\"height\":474,\"caption\":\"COLLECTIF LA MACHINERIE\"},\"image\":{\"@id\":\"https:\/\/lamachinerie.fr\/site\/#logo\"}},{\"@type\":\"WebSite\",\"@id\":\"https:\/\/lamachinerie.fr\/site\/#website\",\"url\":\"https:\/\/lamachinerie.fr\/site\/\",\"name\":\"collectif la machinerie - fabrications sc\u00e9niques et musicales\",\"description\":\"fabrications sc\u00e9niques et musicales\",\"publisher\":{\"@id\":\"https:\/\/lamachinerie.fr\/site\/#organization\"},\"potentialAction\":[{\"@type\":\"SearchAction\",\"target\":{\"@type\":\"EntryPoint\",\"urlTemplate\":\"https:\/\/lamachinerie.fr\/site\/?s={search_term_string}\"},\"query-input\":\"required name=search_term_string\"}],\"inLanguage\":\"fr-FR\"},{\"@type\":\"ImageObject\",\"@id\":\"https:\/\/lamachinerie.fr\/site\/?page_id=206#primaryimage\",\"inLanguage\":\"fr-FR\",\"url\":\"https:\/\/lamachinerie.fr\/site\/wp-content\/uploads\/2025\/04\/MG_8960-copie-4.jpg\",\"contentUrl\":\"https:\/\/lamachinerie.fr\/site\/wp-content\/uploads\/2025\/04\/MG_8960-copie-4.jpg\",\"width\":1123,\"height\":749},{\"@type\":\"WebPage\",\"@id\":\"https:\/\/lamachinerie.fr\/site\/?page_id=206#webpage\",\"url\":\"https:\/\/lamachinerie.fr\/site\/?page_id=206\",\"name\":\"Snark\/presse - collectif la machinerie - fabrications sc\u00e9niques et musicales\",\"isPartOf\":{\"@id\":\"https:\/\/lamachinerie.fr\/site\/#website\"},\"primaryImageOfPage\":{\"@id\":\"https:\/\/lamachinerie.fr\/site\/?page_id=206#primaryimage\"},\"datePublished\":\"2025-04-10T17:55:13+00:00\",\"dateModified\":\"2025-04-10T17:56:44+00:00\",\"breadcrumb\":{\"@id\":\"https:\/\/lamachinerie.fr\/site\/?page_id=206#breadcrumb\"},\"inLanguage\":\"fr-FR\",\"potentialAction\":[{\"@type\":\"ReadAction\",\"target\":[\"https:\/\/lamachinerie.fr\/site\/?page_id=206\"]}]},{\"@type\":\"BreadcrumbList\",\"@id\":\"https:\/\/lamachinerie.fr\/site\/?page_id=206#breadcrumb\",\"itemListElement\":[{\"@type\":\"ListItem\",\"position\":1,\"name\":\"Accueil\",\"item\":\"https:\/\/lamachinerie.fr\/site\"},{\"@type\":\"ListItem\",\"position\":2,\"name\":\"Snark\/presse\"}]}]}<\/script>\n<!-- \/ Yoast SEO plugin. -->","yoast_head_json":{"robots":{"index":"index","follow":"follow","max-snippet":"max-snippet:-1","max-image-preview":"max-image-preview:large","max-video-preview":"max-video-preview:-1"},"canonical":"https:\/\/lamachinerie.fr\/site\/?page_id=206","og_locale":"fr_FR","og_type":"article","og_title":"Snark\/presse - collectif la machinerie - fabrications sc\u00e9niques et musicales","og_description":"Ces deux artistes mondialement connus aiment explorer leurs obsessions communes\u2009: le rythme, la voix, l\u2019espace, le corps. Au terme de plusieurs projets ensemble, ils s\u2019invitent sur la sc\u00e8ne Jazz\u2019Hum\u2019Ah\u2009! Le soliste Michel Edelin, laur\u00e9at du prestigieux prix de la d\u00e9fense, r\u00e9invente le jazz en d\u00e9clinant la fl\u00fbte sous toutes ses formes. Fran\u00e7oise-Franca Cuomo est une [&hellip;]","og_url":"https:\/\/lamachinerie.fr\/site\/?page_id=206","og_site_name":"collectif la machinerie - fabrications sc\u00e9niques et musicales","article_modified_time":"2025-04-10T17:56:44+00:00","og_image":[{"url":"https:\/\/lamachinerie.fr\/site\/wp-content\/uploads\/2025\/04\/MG_8960-copie-4-1024x683.jpg"}],"twitter_card":"summary_large_image","twitter_misc":{"Dur\u00e9e de lecture estim\u00e9e":"1 minute"},"schema":{"@context":"https:\/\/schema.org","@graph":[{"@type":"Organization","@id":"https:\/\/lamachinerie.fr\/site\/#organization","name":"COLLECTIF LA MACHINERIE","url":"https:\/\/lamachinerie.fr\/site\/","sameAs":[],"logo":{"@type":"ImageObject","@id":"https:\/\/lamachinerie.fr\/site\/#logo","inLanguage":"fr-FR","url":"https:\/\/lamachinerie.fr\/site\/wp-content\/uploads\/2026\/02\/logo_72.jpg","contentUrl":"https:\/\/lamachinerie.fr\/site\/wp-content\/uploads\/2026\/02\/logo_72.jpg","width":800,"height":474,"caption":"COLLECTIF LA MACHINERIE"},"image":{"@id":"https:\/\/lamachinerie.fr\/site\/#logo"}},{"@type":"WebSite","@id":"https:\/\/lamachinerie.fr\/site\/#website","url":"https:\/\/lamachinerie.fr\/site\/","name":"collectif la machinerie - fabrications sc\u00e9niques et musicales","description":"fabrications sc\u00e9niques et musicales","publisher":{"@id":"https:\/\/lamachinerie.fr\/site\/#organization"},"potentialAction":[{"@type":"SearchAction","target":{"@type":"EntryPoint","urlTemplate":"https:\/\/lamachinerie.fr\/site\/?s={search_term_string}"},"query-input":"required name=search_term_string"}],"inLanguage":"fr-FR"},{"@type":"ImageObject","@id":"https:\/\/lamachinerie.fr\/site\/?page_id=206#primaryimage","inLanguage":"fr-FR","url":"https:\/\/lamachinerie.fr\/site\/wp-content\/uploads\/2025\/04\/MG_8960-copie-4.jpg","contentUrl":"https:\/\/lamachinerie.fr\/site\/wp-content\/uploads\/2025\/04\/MG_8960-copie-4.jpg","width":1123,"height":749},{"@type":"WebPage","@id":"https:\/\/lamachinerie.fr\/site\/?page_id=206#webpage","url":"https:\/\/lamachinerie.fr\/site\/?page_id=206","name":"Snark\/presse - collectif la machinerie - fabrications sc\u00e9niques et musicales","isPartOf":{"@id":"https:\/\/lamachinerie.fr\/site\/#website"},"primaryImageOfPage":{"@id":"https:\/\/lamachinerie.fr\/site\/?page_id=206#primaryimage"},"datePublished":"2025-04-10T17:55:13+00:00","dateModified":"2025-04-10T17:56:44+00:00","breadcrumb":{"@id":"https:\/\/lamachinerie.fr\/site\/?page_id=206#breadcrumb"},"inLanguage":"fr-FR","potentialAction":[{"@type":"ReadAction","target":["https:\/\/lamachinerie.fr\/site\/?page_id=206"]}]},{"@type":"BreadcrumbList","@id":"https:\/\/lamachinerie.fr\/site\/?page_id=206#breadcrumb","itemListElement":[{"@type":"ListItem","position":1,"name":"Accueil","item":"https:\/\/lamachinerie.fr\/site"},{"@type":"ListItem","position":2,"name":"Snark\/presse"}]}]}},"_links":{"self":[{"href":"https:\/\/lamachinerie.fr\/site\/index.php?rest_route=\/wp\/v2\/pages\/206"}],"collection":[{"href":"https:\/\/lamachinerie.fr\/site\/index.php?rest_route=\/wp\/v2\/pages"}],"about":[{"href":"https:\/\/lamachinerie.fr\/site\/index.php?rest_route=\/wp\/v2\/types\/page"}],"author":[{"embeddable":true,"href":"https:\/\/lamachinerie.fr\/site\/index.php?rest_route=\/wp\/v2\/users\/1"}],"replies":[{"embeddable":true,"href":"https:\/\/lamachinerie.fr\/site\/index.php?rest_route=%2Fwp%2Fv2%2Fcomments&post=206"}],"version-history":[{"count":3,"href":"https:\/\/lamachinerie.fr\/site\/index.php?rest_route=\/wp\/v2\/pages\/206\/revisions"}],"predecessor-version":[{"id":209,"href":"https:\/\/lamachinerie.fr\/site\/index.php?rest_route=\/wp\/v2\/pages\/206\/revisions\/209"}],"wp:attachment":[{"href":"https:\/\/lamachinerie.fr\/site\/index.php?rest_route=%2Fwp%2Fv2%2Fmedia&parent=206"}],"curies":[{"name":"wp","href":"https:\/\/api.w.org\/{rel}","templated":true}]}}

<figure class="wp-block-image size-large is-resized"><img loading="lazy" decoding="async" width="1024" height="683" src="https://lamachinerie.fr/site/wp-content/uploads/2025/04/MG_8960-copie-4-1024x683.jpg" alt="" class="wp-image-156" style="width:349px;height:auto" srcset="https://lamachinerie.fr/site/wp-content/uploads/2025/04/MG_8960-copie-4-1024x683.jpg 1024w, https://lamachinerie.fr/site/wp-content/uploads/2025/04/MG_8960-copie-4-300x200.jpg 300w, https://lamachinerie.fr/site/wp-content/uploads/2025/04/MG_8960-copie-4-768x512.jpg 768w, https://lamachinerie.fr/site/wp-content/uploads/2025/04/MG_8960-copie-4.jpg 1123w" sizes="(max-width: 1024px) 100vw, 1024px" /></figure>



<p class="has-body-font-family" style="font-size:14px;font-style:normal;font-weight:100">Ces deux artistes mondialement connus aiment explorer leurs obsessions communes : le rythme, la voix, l’espace, le corps. Au terme de plusieurs projets ensemble, ils s’invitent sur la scène Jazz’Hum’Ah ! Le soliste Michel Edelin, lauréat du prestigieux prix de la défense, réinvente le jazz en déclinant la flûte sous toutes ses formes. Françoise-Franca Cuomo est une chanteuse aux pouvoirs magiques qui réconcilie des univers que l’on croyait ennemis en mêlant jazz, lyrique, cabaret, musique contemporaine et populaire au sein de son collectif la Machinerie. Riche de ses collaborations avec plusieurs metteurs en scène, plasticiens et écrivains, le duo allie musique et dramaturgie avec une poésie qui emprunte à tous les registres. Leur création promet d’être surprenante et touchante, expérimentale, sans oublier d’avoir « un regard sur le monde ». <a href="http://www.humanite.fr/michel-edelin-invite-francoise-franca-cuomo-612288 ">http://www.humanite.fr/michel-edelin-invite-francoise-franca-cuomo-612288 </a>  Jeudi, 21 Juillet, 2016 – L’Humanité</p>



<p class="has-body-font-family" style="font-size:14px;font-style:normal;font-weight:100">Duo Le Snark/ Époustouflante voltigeuse des cordes vocales, Franca Cuomo se produira au sein du duo Snark, qu’elle constitue avec Michel Edelin (le 11).À travers ces deux duos, Edelin, Cuomo, Domancich et Goubert rendront une sorte d’hommage en miroir à Jimi Hendrix et à la Beat génération, à travers leur création American Dream ou vivre libre ! Ils s’approprieront des textes d’Allen Ginsberg, de Hendrix, etc.<br><a href="http://www.humanite.fr/quand-le-jazz-embrasse-la-poesie-615070">http://www.humanite.fr/quand-le-jazz-embrasse-la-poesie-615070</a> Fête de l’Humanité 2016</p>

<p>Ces deux artistes mondialement connus aiment explorer leurs obsessions communes : le rythme, la voix, l’espace, le corps. Au terme de plusieurs projets ensemble, ils s’invitent sur la scène Jazz’Hum’Ah ! Le soliste Michel Edelin, lauréat du prestigieux prix de la défense, réinvente le jazz en déclinant la flûte sous toutes ses formes. Françoise-Franca Cuomo est une [&hellip;]</p>

<!-- This site is optimized with the Yoast SEO plugin v18.0 - https://yoast.com/wordpress/plugins/seo/ -->
<meta name="robots" content="index, follow, max-snippet:-1, max-image-preview:large, max-video-preview:-1" />
<link rel="canonical" href="https://lamachinerie.fr/site/?page_id=206" />
<meta property="og:locale" content="fr_FR" />
<meta property="og:type" content="article" />
<meta property="og:title" content="Snark/presse - collectif la machinerie - fabrications scéniques et musicales" />
<meta property="og:description" content="Ces deux artistes mondialement connus aiment explorer leurs obsessions communes : le rythme, la voix, l’espace, le corps. Au terme de plusieurs projets ensemble, ils s’invitent sur la scène Jazz’Hum’Ah ! Le soliste Michel Edelin, lauréat du prestigieux prix de la défense, réinvente le jazz en déclinant la flûte sous toutes ses formes. Françoise-Franca Cuomo est une [&hellip;]" />
<meta property="og:url" content="https://lamachinerie.fr/site/?page_id=206" />
<meta property="og:site_name" content="collectif la machinerie - fabrications scéniques et musicales" />
<meta property="article:modified_time" content="2025-04-10T17:56:44+00:00" />
<meta property="og:image" content="https://lamachinerie.fr/site/wp-content/uploads/2025/04/MG_8960-copie-4-1024x683.jpg" />
<meta name="twitter:card" content="summary_large_image" />
<meta name="twitter:label1" content="Durée de lecture estimée" />
	<meta name="twitter:data1" content="1 minute" />
<script type="application/ld+json" class="yoast-schema-graph">{"@context":"https://schema.org","@graph":[{"@type":"Organization","@id":"https://lamachinerie.fr/site/#organization","name":"COLLECTIF LA MACHINERIE","url":"https://lamachinerie.fr/site/","sameAs":[],"logo":{"@type":"ImageObject","@id":"https://lamachinerie.fr/site/#logo","inLanguage":"fr-FR","url":"https://lamachinerie.fr/site/wp-content/uploads/2026/02/logo_72.jpg","contentUrl":"https://lamachinerie.fr/site/wp-content/uploads/2026/02/logo_72.jpg","width":800,"height":474,"caption":"COLLECTIF LA MACHINERIE"},"image":{"@id":"https://lamachinerie.fr/site/#logo"}},{"@type":"WebSite","@id":"https://lamachinerie.fr/site/#website","url":"https://lamachinerie.fr/site/","name":"collectif la machinerie - fabrications scéniques et musicales","description":"fabrications scéniques et musicales","publisher":{"@id":"https://lamachinerie.fr/site/#organization"},"potentialAction":[{"@type":"SearchAction","target":{"@type":"EntryPoint","urlTemplate":"https://lamachinerie.fr/site/?s={search_term_string}"},"query-input":"required name=search_term_string"}],"inLanguage":"fr-FR"},{"@type":"ImageObject","@id":"https://lamachinerie.fr/site/?page_id=206#primaryimage","inLanguage":"fr-FR","url":"https://lamachinerie.fr/site/wp-content/uploads/2025/04/MG_8960-copie-4.jpg","contentUrl":"https://lamachinerie.fr/site/wp-content/uploads/2025/04/MG_8960-copie-4.jpg","width":1123,"height":749},{"@type":"WebPage","@id":"https://lamachinerie.fr/site/?page_id=206#webpage","url":"https://lamachinerie.fr/site/?page_id=206","name":"Snark/presse - collectif la machinerie - fabrications scéniques et musicales","isPartOf":{"@id":"https://lamachinerie.fr/site/#website"},"primaryImageOfPage":{"@id":"https://lamachinerie.fr/site/?page_id=206#primaryimage"},"datePublished":"2025-04-10T17:55:13+00:00","dateModified":"2025-04-10T17:56:44+00:00","breadcrumb":{"@id":"https://lamachinerie.fr/site/?page_id=206#breadcrumb"},"inLanguage":"fr-FR","potentialAction":[{"@type":"ReadAction","target":["https://lamachinerie.fr/site/?page_id=206"]}]},{"@type":"BreadcrumbList","@id":"https://lamachinerie.fr/site/?page_id=206#breadcrumb","itemListElement":[{"@type":"ListItem","position":1,"name":"Accueil","item":"https://lamachinerie.fr/site"},{"@type":"ListItem","position":2,"name":"Snark/presse"}]}]}</script>
<!-- / Yoast SEO plugin. -->

Snark/presse - collectif la machinerie - fabrications scéniques et musicales

Ces deux artistes mondialement connus aiment explorer leurs obsessions communes : le rythme, la voix, l’espace, le corps. Au terme de plusieurs projets ensemble, ils s’invitent sur la scène Jazz’Hum’Ah ! Le soliste Michel Edelin, lauréat du prestigieux prix de la défense, réinvente le jazz en déclinant la flûte sous toutes ses formes. Françoise-Franca Cuomo est une [&hellip;]

collectif la machinerie - fabrications scéniques et musicales

fabrications scéniques et musicales
