{"id":342,"date":"2025-04-15T00:10:57","date_gmt":"2025-04-14T22:10:57","guid":{"rendered":"https:\/\/lamachinerie.fr\/site\/?page_id=342"},"modified":"2025-04-15T00:10:57","modified_gmt":"2025-04-14T22:10:57","slug":"cabaret-alice-presse","status":"publish","type":"page","link":"https:\/\/lamachinerie.fr\/site\/?page_id=342","title":{"rendered":"cabaret alice \/ presse"},"content":{"rendered":"\n<p class=\"has-body-font-family\" style=\"font-size:14px;font-style:normal;font-weight:100\">\u00ab Cabaret Alice \u00bb \u00e0 la P\u00e9niche Op\u00e9ra (carte blanche DIVA)\u2028<br>\u00ab Alice au pays des Merveilles, un classique de la litt\u00e9rature enfantine victorienne, a \u00e9t\u00e9 source d\u2019inspiration pour de nombreux artistes. De Walt Disney \u00e0 Tim Burton en 2010, en passant par Fran\u00e7oise-Franca Cuomo (Cabaret Alice 2009) et Franck Wildhorn (Wonderland, actuellement \u00e0 l\u2019affiche \u00e0 Broadway)\u2026\u2028Avec de superbes airs interpret\u00e9s autant en fran\u00e7ais qu\u2019en anglais, nous est cont\u00e9 le fabuleux r\u00eave de cette petite Alice, 7 ans et demi. A grand renfort d\u2019inventivit\u00e9s sc\u00e9niques, ce subtil m\u00e9lange de music-hall et de chansons \u00e0 texte emm\u00e8ne le spectateur dans un tourbillon d\u2019\u00e9motions. Le travail de Fran\u00e7oise-Franca Cuomo, \u00e0 la plume et dans le r\u00f4le d\u2019Alice, est remarquable. Un tr\u00e8s bel aper\u00e7u du potentiel po\u00e9tique et imaginatif des auteurs et interpr\u00e8tes associ\u00e9s au projet. \u00bb <br>Pierre Stril, <em>in<\/em> <strong>Musical Avenue<\/strong><\/p>\n\n\n\n<figure class=\"wp-block-image size-large\"><img loading=\"lazy\" decoding=\"async\" width=\"1024\" height=\"683\" src=\"https:\/\/lamachinerie.fr\/site\/wp-content\/uploads\/2025\/04\/IMG_0120-1024x683.jpg\" alt=\"\" class=\"wp-image-235\" srcset=\"https:\/\/lamachinerie.fr\/site\/wp-content\/uploads\/2025\/04\/IMG_0120-1024x683.jpg 1024w, https:\/\/lamachinerie.fr\/site\/wp-content\/uploads\/2025\/04\/IMG_0120-300x200.jpg 300w, https:\/\/lamachinerie.fr\/site\/wp-content\/uploads\/2025\/04\/IMG_0120-768x512.jpg 768w, https:\/\/lamachinerie.fr\/site\/wp-content\/uploads\/2025\/04\/IMG_0120.jpg 1134w\" sizes=\"(max-width: 1024px) 100vw, 1024px\" \/><\/figure>\n","protected":false},"excerpt":{"rendered":"<p>\u00ab Cabaret Alice \u00bb \u00e0 la P\u00e9niche Op\u00e9ra (carte blanche DIVA)\u2028\u00ab Alice au pays des Merveilles, un classique de la litt\u00e9rature enfantine victorienne, a \u00e9t\u00e9 source d\u2019inspiration pour de nombreux artistes. De Walt Disney \u00e0 Tim Burton en 2010, en passant par Fran\u00e7oise-Franca Cuomo (Cabaret Alice 2009) et Franck Wildhorn (Wonderland, actuellement \u00e0 l\u2019affiche \u00e0 [&hellip;]<\/p>\n","protected":false},"author":1,"featured_media":0,"parent":0,"menu_order":0,"comment_status":"closed","ping_status":"closed","template":"","meta":{"footnotes":""},"yoast_head":"<!-- This site is optimized with the Yoast SEO plugin v18.0 - https:\/\/yoast.com\/wordpress\/plugins\/seo\/ -->\n<meta name=\"robots\" content=\"index, follow, max-snippet:-1, max-image-preview:large, max-video-preview:-1\" \/>\n<link rel=\"canonical\" href=\"https:\/\/lamachinerie.fr\/site\/?page_id=342\" \/>\n<meta property=\"og:locale\" content=\"fr_FR\" \/>\n<meta property=\"og:type\" content=\"article\" \/>\n<meta property=\"og:title\" content=\"cabaret alice \/ presse - collectif la machinerie - fabrications sc\u00e9niques et musicales\" \/>\n<meta property=\"og:description\" content=\"\u00ab Cabaret Alice \u00bb \u00e0 la P\u00e9niche Op\u00e9ra (carte blanche DIVA)\u2028\u00ab Alice au pays des Merveilles, un classique de la litt\u00e9rature enfantine victorienne, a \u00e9t\u00e9 source d\u2019inspiration pour de nombreux artistes. De Walt Disney \u00e0 Tim Burton en 2010, en passant par Fran\u00e7oise-Franca Cuomo (Cabaret Alice 2009) et Franck Wildhorn (Wonderland, actuellement \u00e0 l\u2019affiche \u00e0 [&hellip;]\" \/>\n<meta property=\"og:url\" content=\"https:\/\/lamachinerie.fr\/site\/?page_id=342\" \/>\n<meta property=\"og:site_name\" content=\"collectif la machinerie - fabrications sc\u00e9niques et musicales\" \/>\n<meta property=\"og:image\" content=\"https:\/\/lamachinerie.fr\/site\/wp-content\/uploads\/2025\/04\/IMG_0120-1024x683.jpg\" \/>\n<meta name=\"twitter:card\" content=\"summary_large_image\" \/>\n<meta name=\"twitter:label1\" content=\"Dur\u00e9e de lecture estim\u00e9e\" \/>\n\t<meta name=\"twitter:data1\" content=\"1 minute\" \/>\n<script type=\"application\/ld+json\" class=\"yoast-schema-graph\">{\"@context\":\"https:\/\/schema.org\",\"@graph\":[{\"@type\":\"Organization\",\"@id\":\"https:\/\/lamachinerie.fr\/site\/#organization\",\"name\":\"COLLECTIF LA MACHINERIE\",\"url\":\"https:\/\/lamachinerie.fr\/site\/\",\"sameAs\":[],\"logo\":{\"@type\":\"ImageObject\",\"@id\":\"https:\/\/lamachinerie.fr\/site\/#logo\",\"inLanguage\":\"fr-FR\",\"url\":\"https:\/\/lamachinerie.fr\/site\/wp-content\/uploads\/2026\/02\/logo_72.jpg\",\"contentUrl\":\"https:\/\/lamachinerie.fr\/site\/wp-content\/uploads\/2026\/02\/logo_72.jpg\",\"width\":800,\"height\":474,\"caption\":\"COLLECTIF LA MACHINERIE\"},\"image\":{\"@id\":\"https:\/\/lamachinerie.fr\/site\/#logo\"}},{\"@type\":\"WebSite\",\"@id\":\"https:\/\/lamachinerie.fr\/site\/#website\",\"url\":\"https:\/\/lamachinerie.fr\/site\/\",\"name\":\"collectif la machinerie - fabrications sc\u00e9niques et musicales\",\"description\":\"fabrications sc\u00e9niques et musicales\",\"publisher\":{\"@id\":\"https:\/\/lamachinerie.fr\/site\/#organization\"},\"potentialAction\":[{\"@type\":\"SearchAction\",\"target\":{\"@type\":\"EntryPoint\",\"urlTemplate\":\"https:\/\/lamachinerie.fr\/site\/?s={search_term_string}\"},\"query-input\":\"required name=search_term_string\"}],\"inLanguage\":\"fr-FR\"},{\"@type\":\"ImageObject\",\"@id\":\"https:\/\/lamachinerie.fr\/site\/?page_id=342#primaryimage\",\"inLanguage\":\"fr-FR\",\"url\":\"https:\/\/lamachinerie.fr\/site\/wp-content\/uploads\/2025\/04\/IMG_0120.jpg\",\"contentUrl\":\"https:\/\/lamachinerie.fr\/site\/wp-content\/uploads\/2025\/04\/IMG_0120.jpg\",\"width\":1134,\"height\":756},{\"@type\":\"WebPage\",\"@id\":\"https:\/\/lamachinerie.fr\/site\/?page_id=342#webpage\",\"url\":\"https:\/\/lamachinerie.fr\/site\/?page_id=342\",\"name\":\"cabaret alice \/ presse - collectif la machinerie - fabrications sc\u00e9niques et musicales\",\"isPartOf\":{\"@id\":\"https:\/\/lamachinerie.fr\/site\/#website\"},\"primaryImageOfPage\":{\"@id\":\"https:\/\/lamachinerie.fr\/site\/?page_id=342#primaryimage\"},\"datePublished\":\"2025-04-14T22:10:57+00:00\",\"dateModified\":\"2025-04-14T22:10:57+00:00\",\"breadcrumb\":{\"@id\":\"https:\/\/lamachinerie.fr\/site\/?page_id=342#breadcrumb\"},\"inLanguage\":\"fr-FR\",\"potentialAction\":[{\"@type\":\"ReadAction\",\"target\":[\"https:\/\/lamachinerie.fr\/site\/?page_id=342\"]}]},{\"@type\":\"BreadcrumbList\",\"@id\":\"https:\/\/lamachinerie.fr\/site\/?page_id=342#breadcrumb\",\"itemListElement\":[{\"@type\":\"ListItem\",\"position\":1,\"name\":\"Accueil\",\"item\":\"https:\/\/lamachinerie.fr\/site\"},{\"@type\":\"ListItem\",\"position\":2,\"name\":\"cabaret alice \/ presse\"}]}]}<\/script>\n<!-- \/ Yoast SEO plugin. -->","yoast_head_json":{"robots":{"index":"index","follow":"follow","max-snippet":"max-snippet:-1","max-image-preview":"max-image-preview:large","max-video-preview":"max-video-preview:-1"},"canonical":"https:\/\/lamachinerie.fr\/site\/?page_id=342","og_locale":"fr_FR","og_type":"article","og_title":"cabaret alice \/ presse - collectif la machinerie - fabrications sc\u00e9niques et musicales","og_description":"\u00ab Cabaret Alice \u00bb \u00e0 la P\u00e9niche Op\u00e9ra (carte blanche DIVA)\u2028\u00ab Alice au pays des Merveilles, un classique de la litt\u00e9rature enfantine victorienne, a \u00e9t\u00e9 source d\u2019inspiration pour de nombreux artistes. De Walt Disney \u00e0 Tim Burton en 2010, en passant par Fran\u00e7oise-Franca Cuomo (Cabaret Alice 2009) et Franck Wildhorn (Wonderland, actuellement \u00e0 l\u2019affiche \u00e0 [&hellip;]","og_url":"https:\/\/lamachinerie.fr\/site\/?page_id=342","og_site_name":"collectif la machinerie - fabrications sc\u00e9niques et musicales","og_image":[{"url":"https:\/\/lamachinerie.fr\/site\/wp-content\/uploads\/2025\/04\/IMG_0120-1024x683.jpg"}],"twitter_card":"summary_large_image","twitter_misc":{"Dur\u00e9e de lecture estim\u00e9e":"1 minute"},"schema":{"@context":"https:\/\/schema.org","@graph":[{"@type":"Organization","@id":"https:\/\/lamachinerie.fr\/site\/#organization","name":"COLLECTIF LA MACHINERIE","url":"https:\/\/lamachinerie.fr\/site\/","sameAs":[],"logo":{"@type":"ImageObject","@id":"https:\/\/lamachinerie.fr\/site\/#logo","inLanguage":"fr-FR","url":"https:\/\/lamachinerie.fr\/site\/wp-content\/uploads\/2026\/02\/logo_72.jpg","contentUrl":"https:\/\/lamachinerie.fr\/site\/wp-content\/uploads\/2026\/02\/logo_72.jpg","width":800,"height":474,"caption":"COLLECTIF LA MACHINERIE"},"image":{"@id":"https:\/\/lamachinerie.fr\/site\/#logo"}},{"@type":"WebSite","@id":"https:\/\/lamachinerie.fr\/site\/#website","url":"https:\/\/lamachinerie.fr\/site\/","name":"collectif la machinerie - fabrications sc\u00e9niques et musicales","description":"fabrications sc\u00e9niques et musicales","publisher":{"@id":"https:\/\/lamachinerie.fr\/site\/#organization"},"potentialAction":[{"@type":"SearchAction","target":{"@type":"EntryPoint","urlTemplate":"https:\/\/lamachinerie.fr\/site\/?s={search_term_string}"},"query-input":"required name=search_term_string"}],"inLanguage":"fr-FR"},{"@type":"ImageObject","@id":"https:\/\/lamachinerie.fr\/site\/?page_id=342#primaryimage","inLanguage":"fr-FR","url":"https:\/\/lamachinerie.fr\/site\/wp-content\/uploads\/2025\/04\/IMG_0120.jpg","contentUrl":"https:\/\/lamachinerie.fr\/site\/wp-content\/uploads\/2025\/04\/IMG_0120.jpg","width":1134,"height":756},{"@type":"WebPage","@id":"https:\/\/lamachinerie.fr\/site\/?page_id=342#webpage","url":"https:\/\/lamachinerie.fr\/site\/?page_id=342","name":"cabaret alice \/ presse - collectif la machinerie - fabrications sc\u00e9niques et musicales","isPartOf":{"@id":"https:\/\/lamachinerie.fr\/site\/#website"},"primaryImageOfPage":{"@id":"https:\/\/lamachinerie.fr\/site\/?page_id=342#primaryimage"},"datePublished":"2025-04-14T22:10:57+00:00","dateModified":"2025-04-14T22:10:57+00:00","breadcrumb":{"@id":"https:\/\/lamachinerie.fr\/site\/?page_id=342#breadcrumb"},"inLanguage":"fr-FR","potentialAction":[{"@type":"ReadAction","target":["https:\/\/lamachinerie.fr\/site\/?page_id=342"]}]},{"@type":"BreadcrumbList","@id":"https:\/\/lamachinerie.fr\/site\/?page_id=342#breadcrumb","itemListElement":[{"@type":"ListItem","position":1,"name":"Accueil","item":"https:\/\/lamachinerie.fr\/site"},{"@type":"ListItem","position":2,"name":"cabaret alice \/ presse"}]}]}},"_links":{"self":[{"href":"https:\/\/lamachinerie.fr\/site\/index.php?rest_route=\/wp\/v2\/pages\/342"}],"collection":[{"href":"https:\/\/lamachinerie.fr\/site\/index.php?rest_route=\/wp\/v2\/pages"}],"about":[{"href":"https:\/\/lamachinerie.fr\/site\/index.php?rest_route=\/wp\/v2\/types\/page"}],"author":[{"embeddable":true,"href":"https:\/\/lamachinerie.fr\/site\/index.php?rest_route=\/wp\/v2\/users\/1"}],"replies":[{"embeddable":true,"href":"https:\/\/lamachinerie.fr\/site\/index.php?rest_route=%2Fwp%2Fv2%2Fcomments&post=342"}],"version-history":[{"count":2,"href":"https:\/\/lamachinerie.fr\/site\/index.php?rest_route=\/wp\/v2\/pages\/342\/revisions"}],"predecessor-version":[{"id":344,"href":"https:\/\/lamachinerie.fr\/site\/index.php?rest_route=\/wp\/v2\/pages\/342\/revisions\/344"}],"wp:attachment":[{"href":"https:\/\/lamachinerie.fr\/site\/index.php?rest_route=%2Fwp%2Fv2%2Fmedia&parent=342"}],"curies":[{"name":"wp","href":"https:\/\/api.w.org\/{rel}","templated":true}]}}

<p class="has-body-font-family" style="font-size:14px;font-style:normal;font-weight:100">« Cabaret Alice » à la Péniche Opéra (carte blanche DIVA) <br>« Alice au pays des Merveilles, un classique de la littérature enfantine victorienne, a été source d’inspiration pour de nombreux artistes. De Walt Disney à Tim Burton en 2010, en passant par Françoise-Franca Cuomo (Cabaret Alice 2009) et Franck Wildhorn (Wonderland, actuellement à l’affiche à Broadway)… Avec de superbes airs interpretés autant en français qu’en anglais, nous est conté le fabuleux rêve de cette petite Alice, 7 ans et demi. A grand renfort d’inventivités scéniques, ce subtil mélange de music-hall et de chansons à texte emmène le spectateur dans un tourbillon d’émotions. Le travail de Françoise-Franca Cuomo, à la plume et dans le rôle d’Alice, est remarquable. Un très bel aperçu du potentiel poétique et imaginatif des auteurs et interprètes associés au projet. » <br>Pierre Stril, <em>in</em> <strong>Musical Avenue</strong></p>



<figure class="wp-block-image size-large"><img loading="lazy" decoding="async" width="1024" height="683" src="https://lamachinerie.fr/site/wp-content/uploads/2025/04/IMG_0120-1024x683.jpg" alt="" class="wp-image-235" srcset="https://lamachinerie.fr/site/wp-content/uploads/2025/04/IMG_0120-1024x683.jpg 1024w, https://lamachinerie.fr/site/wp-content/uploads/2025/04/IMG_0120-300x200.jpg 300w, https://lamachinerie.fr/site/wp-content/uploads/2025/04/IMG_0120-768x512.jpg 768w, https://lamachinerie.fr/site/wp-content/uploads/2025/04/IMG_0120.jpg 1134w" sizes="(max-width: 1024px) 100vw, 1024px" /></figure>

<p>« Cabaret Alice » à la Péniche Opéra (carte blanche DIVA) « Alice au pays des Merveilles, un classique de la littérature enfantine victorienne, a été source d’inspiration pour de nombreux artistes. De Walt Disney à Tim Burton en 2010, en passant par Françoise-Franca Cuomo (Cabaret Alice 2009) et Franck Wildhorn (Wonderland, actuellement à l’affiche à [&hellip;]</p>

<!-- This site is optimized with the Yoast SEO plugin v18.0 - https://yoast.com/wordpress/plugins/seo/ -->
<meta name="robots" content="index, follow, max-snippet:-1, max-image-preview:large, max-video-preview:-1" />
<link rel="canonical" href="https://lamachinerie.fr/site/?page_id=342" />
<meta property="og:locale" content="fr_FR" />
<meta property="og:type" content="article" />
<meta property="og:title" content="cabaret alice / presse - collectif la machinerie - fabrications scéniques et musicales" />
<meta property="og:description" content="« Cabaret Alice » à la Péniche Opéra (carte blanche DIVA) « Alice au pays des Merveilles, un classique de la littérature enfantine victorienne, a été source d’inspiration pour de nombreux artistes. De Walt Disney à Tim Burton en 2010, en passant par Françoise-Franca Cuomo (Cabaret Alice 2009) et Franck Wildhorn (Wonderland, actuellement à l’affiche à [&hellip;]" />
<meta property="og:url" content="https://lamachinerie.fr/site/?page_id=342" />
<meta property="og:site_name" content="collectif la machinerie - fabrications scéniques et musicales" />
<meta property="og:image" content="https://lamachinerie.fr/site/wp-content/uploads/2025/04/IMG_0120-1024x683.jpg" />
<meta name="twitter:card" content="summary_large_image" />
<meta name="twitter:label1" content="Durée de lecture estimée" />
	<meta name="twitter:data1" content="1 minute" />
<script type="application/ld+json" class="yoast-schema-graph">{"@context":"https://schema.org","@graph":[{"@type":"Organization","@id":"https://lamachinerie.fr/site/#organization","name":"COLLECTIF LA MACHINERIE","url":"https://lamachinerie.fr/site/","sameAs":[],"logo":{"@type":"ImageObject","@id":"https://lamachinerie.fr/site/#logo","inLanguage":"fr-FR","url":"https://lamachinerie.fr/site/wp-content/uploads/2026/02/logo_72.jpg","contentUrl":"https://lamachinerie.fr/site/wp-content/uploads/2026/02/logo_72.jpg","width":800,"height":474,"caption":"COLLECTIF LA MACHINERIE"},"image":{"@id":"https://lamachinerie.fr/site/#logo"}},{"@type":"WebSite","@id":"https://lamachinerie.fr/site/#website","url":"https://lamachinerie.fr/site/","name":"collectif la machinerie - fabrications scéniques et musicales","description":"fabrications scéniques et musicales","publisher":{"@id":"https://lamachinerie.fr/site/#organization"},"potentialAction":[{"@type":"SearchAction","target":{"@type":"EntryPoint","urlTemplate":"https://lamachinerie.fr/site/?s={search_term_string}"},"query-input":"required name=search_term_string"}],"inLanguage":"fr-FR"},{"@type":"ImageObject","@id":"https://lamachinerie.fr/site/?page_id=342#primaryimage","inLanguage":"fr-FR","url":"https://lamachinerie.fr/site/wp-content/uploads/2025/04/IMG_0120.jpg","contentUrl":"https://lamachinerie.fr/site/wp-content/uploads/2025/04/IMG_0120.jpg","width":1134,"height":756},{"@type":"WebPage","@id":"https://lamachinerie.fr/site/?page_id=342#webpage","url":"https://lamachinerie.fr/site/?page_id=342","name":"cabaret alice / presse - collectif la machinerie - fabrications scéniques et musicales","isPartOf":{"@id":"https://lamachinerie.fr/site/#website"},"primaryImageOfPage":{"@id":"https://lamachinerie.fr/site/?page_id=342#primaryimage"},"datePublished":"2025-04-14T22:10:57+00:00","dateModified":"2025-04-14T22:10:57+00:00","breadcrumb":{"@id":"https://lamachinerie.fr/site/?page_id=342#breadcrumb"},"inLanguage":"fr-FR","potentialAction":[{"@type":"ReadAction","target":["https://lamachinerie.fr/site/?page_id=342"]}]},{"@type":"BreadcrumbList","@id":"https://lamachinerie.fr/site/?page_id=342#breadcrumb","itemListElement":[{"@type":"ListItem","position":1,"name":"Accueil","item":"https://lamachinerie.fr/site"},{"@type":"ListItem","position":2,"name":"cabaret alice / presse"}]}]}</script>
<!-- / Yoast SEO plugin. -->

cabaret alice / presse - collectif la machinerie - fabrications scéniques et musicales

« Cabaret Alice » à la Péniche Opéra (carte blanche DIVA) « Alice au pays des Merveilles, un classique de la littérature enfantine victorienne, a été source d’inspiration pour de nombreux artistes. De Walt Disney à Tim Burton en 2010, en passant par Françoise-Franca Cuomo (Cabaret Alice 2009) et Franck Wildhorn (Wonderland, actuellement à l’affiche à [&hellip;]

collectif la machinerie - fabrications scéniques et musicales

fabrications scéniques et musicales
